{"id":5,"date":"2017-01-04T08:04:09","date_gmt":"2017-01-04T08:04:09","guid":{"rendered":"http:\/\/localhost\/finance\/?page_id=5"},"modified":"2020-09-18T14:06:21","modified_gmt":"2020-09-18T14:06:21","slug":"my-home","status":"publish","type":"page","link":"https:\/\/safirhayvansal.com\/","title":{"rendered":"Anasayfa"},"content":{"rendered":"<p>[vc_row full_width=&#8221;stretch_row_content_no_spaces&#8221; parallax_speed=&#8221;4&#8243; parallax_x=&#8221;4&#8243; parallax_y=&#8221;4&#8243;][vc_column][rev_slider_vc alias=&#8221;slide-home&#8221;][\/vc_column][\/vc_row][vc_row full_width=&#8221;stretch_row&#8221; parallax_speed=&#8221;4&#8243; parallax_x=&#8221;4&#8243; parallax_y=&#8221;4&#8243; css=&#8221;.vc_custom_1556953902432{padding-top: 100px !important;padding-bottom: 76px !important;background-color: #f7f7f7 !important;}&#8221; el_id=&#8221;services&#8221;][vc_column width=&#8221;1\/3&#8243;]\t\n\t<div class=\"flat-imagebox  \">\n\t\t<div class=\"flat-imagebox-inner\">\n\t\t\t\t\t\t\t<div class=\"flat-imagebox-image\">\n\t\t\t\t\t<img loading=\"lazy\" decoding=\"async\" width=\"370\" height=\"246\" src=\"https:\/\/safirhayvansal.com\/wp-content\/uploads\/2017\/01\/2-1.png\" class=\"attachment-full\" alt=\"\" srcset=\"https:\/\/safirhayvansal.com\/wp-content\/uploads\/2017\/01\/2-1.png 370w, https:\/\/safirhayvansal.com\/wp-content\/uploads\/2017\/01\/2-1-300x199.png 300w\" sizes=\"auto, (max-width: 370px) 100vw, 370px\" \/>\t\t\t\t<\/div>\n\n\t\t\t\n\t\t\t<div class=\"flat-imagebox-header\">\n\t\t\t\t<h3 class=\"flat-imagebox-title\">\n\t\t\t\t\t<a href=\"\/index.php\/vizyonumuz\/\" target=\"_self\">\n\t\t\t\t\t\tVizyonumuz\t\t\t\t\t<\/a>\t\n\t\t\t\t<\/h3>\n\n\t\t\t\t\t\t\t<\/div>\n\n\t\t\t<div class=\"flat-imagebox-content\">\n\t\t\t\t\t\t\t\t\t<div class=\"flat-imagebox-desc\">\n\t\t\t\t\t\tFaaliyet g\u00f6sterdi\u011fimiz sekt\u00f6rlerde her zaman yenilik\u00e7i,\u00f6nc\u00fc olmak birincil hedeflerimiz aras\u0131ndad\u0131r.\t\t\t\t\t<\/div>\n\t\t\t\t\t\t\t\t\n\t\t\t\t\t\t\t\t\t\n\t\t\t\t\t<div class=\"flat-imagebox-button\">\n\t\t\t\t\t\t<a href=\"\/index.php\/vizyonumuz\/\" target=\"_self\">\n\t\t\t\t\t\t\tDevam\u0131\t\t\t\t\t\t<\/a>\n\t\t\t\t\t<\/div>\n\n\t\t\t\t\t\t\t<\/div>\n\t\t<\/div>\n\t<\/div>\t\n[\/vc_column][vc_column width=&#8221;1\/3&#8243;]\t\n\t<div class=\"flat-imagebox  \">\n\t\t<div class=\"flat-imagebox-inner\">\n\t\t\t\t\t\t\t<div class=\"flat-imagebox-image\">\n\t\t\t\t\t<img loading=\"lazy\" decoding=\"async\" width=\"870\" height=\"580\" src=\"https:\/\/safirhayvansal.com\/wp-content\/uploads\/2017\/01\/b6-1.jpg\" class=\"attachment-full\" alt=\"\" srcset=\"https:\/\/safirhayvansal.com\/wp-content\/uploads\/2017\/01\/b6-1.jpg 870w, https:\/\/safirhayvansal.com\/wp-content\/uploads\/2017\/01\/b6-1-300x200.jpg 300w, https:\/\/safirhayvansal.com\/wp-content\/uploads\/2017\/01\/b6-1-768x512.jpg 768w, https:\/\/safirhayvansal.com\/wp-content\/uploads\/2017\/01\/b6-1-370x247.jpg 370w\" sizes=\"auto, (max-width: 870px) 100vw, 870px\" \/>\t\t\t\t<\/div>\n\n\t\t\t\n\t\t\t<div class=\"flat-imagebox-header\">\n\t\t\t\t<h3 class=\"flat-imagebox-title\">\n\t\t\t\t\t<a href=\"\/index.php\/misyonumuz\/\" target=\"_self\">\n\t\t\t\t\t\tMisyonumuz\t\t\t\t\t<\/a>\t\n\t\t\t\t<\/h3>\n\n\t\t\t\t\t\t\t<\/div>\n\n\t\t\t<div class=\"flat-imagebox-content\">\n\t\t\t\t\t\t\t\t\t<div class=\"flat-imagebox-desc\">\n\t\t\t\t\t\t\n\n\n\n\n\nM\u00fc\u015fteri memnuniyeti,faydal\u0131 olmak bizler i\u00e7in \u00f6nem ta\u015f\u0131yan de\u011ferlerdendir.\n\n\n\n\n\n\t\t\t\t\t<\/div>\n\t\t\t\t\t\t\t\t\n\t\t\t\t\t\t\t\t\t\n\t\t\t\t\t<div class=\"flat-imagebox-button\">\n\t\t\t\t\t\t<a href=\"\/index.php\/misyonumuz\/\" target=\"_self\">\n\t\t\t\t\t\t\tDevam\u0131\t\t\t\t\t\t<\/a>\n\t\t\t\t\t<\/div>\n\n\t\t\t\t\t\t\t<\/div>\n\t\t<\/div>\n\t<\/div>\t\n[\/vc_column][vc_column width=&#8221;1\/3&#8243;]\t\n\t<div class=\"flat-imagebox  \">\n\t\t<div class=\"flat-imagebox-inner\">\n\t\t\t\t\t\t\t<div class=\"flat-imagebox-image\">\n\t\t\t\t\t<img loading=\"lazy\" decoding=\"async\" width=\"740\" height=\"493\" src=\"https:\/\/safirhayvansal.com\/wp-content\/uploads\/2017\/01\/b3-1.jpg\" class=\"attachment-full\" alt=\"\" srcset=\"https:\/\/safirhayvansal.com\/wp-content\/uploads\/2017\/01\/b3-1.jpg 740w, https:\/\/safirhayvansal.com\/wp-content\/uploads\/2017\/01\/b3-1-300x200.jpg 300w, https:\/\/safirhayvansal.com\/wp-content\/uploads\/2017\/01\/b3-1-370x247.jpg 370w\" sizes=\"auto, (max-width: 740px) 100vw, 740px\" \/>\t\t\t\t<\/div>\n\n\t\t\t\n\t\t\t<div class=\"flat-imagebox-header\">\n\t\t\t\t<h3 class=\"flat-imagebox-title\">\n\t\t\t\t\t<a href=\"\/index.php\/hakkimizda\/\" target=\"_self\">\n\t\t\t\t\t\tHakk\u0131m\u0131zda\t\t\t\t\t<\/a>\t\n\t\t\t\t<\/h3>\n\n\t\t\t\t\t\t\t<\/div>\n\n\t\t\t<div class=\"flat-imagebox-content\">\n\t\t\t\t\t\t\t\t\t<div class=\"flat-imagebox-desc\">\n\t\t\t\t\t\tSafir Hayvansal ve G\u0131da \u00dcr\u00fcnleri 2019&#8217;dan beri sizlere kaliteli hizmet vermektedir.\t\t\t\t\t<\/div>\n\t\t\t\t\t\t\t\t\n\t\t\t\t\t\t\t\t\t\n\t\t\t\t\t<div class=\"flat-imagebox-button\">\n\t\t\t\t\t\t<a href=\"\/index.php\/hakkimizda\/\" target=\"_self\">\n\t\t\t\t\t\t\tDevam\u0131\t\t\t\t\t\t<\/a>\n\t\t\t\t\t<\/div>\n\n\t\t\t\t\t\t\t<\/div>\n\t\t<\/div>\n\t<\/div>\t\n[\/vc_column][\/vc_row][vc_row full_width=&#8221;stretch_row&#8221; parallax_speed=&#8221;4&#8243; parallax_x=&#8221;4&#8243; parallax_y=&#8221;4&#8243; css=&#8221;.vc_custom_1600366610911{padding-top: 100px !important;padding-bottom: 100px !important;}&#8221;][vc_column width=&#8221;1\/3&#8243;]\t\n\t<div class=\"flat-imagebox style-3 \">\n\t\t<div class=\"flat-imagebox-inner\">\n\t\t\t\t\t\t\t<div class=\"flat-imagebox-image\">\n\t\t\t\t\t<a href=\"\" target=\"_self\"><img loading=\"lazy\" decoding=\"async\" class=\"\" src=\"https:\/\/safirhayvansal.com\/wp-content\/uploads\/2020\/09\/cevre-370x245.jpg\" width=\"370\" height=\"245\" alt=\"\u00e7evre\" title=\"\u00e7evre\" \/><\/a>\t\t\t\t<\/div>\n\n\t\t\t\n\t\t\t<div class=\"flat-imagebox-header\">\n\t\t\t\t<h3 class=\"flat-imagebox-title\">\n\t\t\t\t\t<a href=\"\" target=\"_self\">\n\t\t\t\t\t\t\u00c7evre Dostu\t\t\t\t\t<\/a>\t\n\t\t\t\t<\/h3>\n\n\t\t\t\t\t\t\t<\/div>\n\n\t\t\t<div class=\"flat-imagebox-content\">\n\t\t\t\t\t\t\t\t\t<div class=\"flat-imagebox-desc\">\n\t\t\t\t\t\tFaaliyette bulundu\u011fumuz co\u011frafyadaki ekolojik \u00e7evreye de\u011fer veriyor,\u00a0 \u00e7al\u0131\u015fmalar\u0131m\u0131z\u0131 do\u011fayla dost bir \u015fekilde s\u00fcrd\u00fcr\u00fcyoruz.\t\t\t\t\t<\/div>\n\t\t\t\t\t\t\t\t\n\t\t\t\t\t\t\t<\/div>\n\t\t<\/div>\n\t<\/div>\t\n[\/vc_column][vc_column width=&#8221;1\/3&#8243;]\t\n\t<div class=\"flat-imagebox style-3 \">\n\t\t<div class=\"flat-imagebox-inner\">\n\t\t\t\t\t\t\t<div class=\"flat-imagebox-image\">\n\t\t\t\t\t<a href=\"\" target=\"_self\"><img loading=\"lazy\" decoding=\"async\" class=\"\" src=\"https:\/\/safirhayvansal.com\/wp-content\/uploads\/2020\/09\/5-parks-in-The-Hills-District-families-will-love-370x245.jpg\" width=\"370\" height=\"245\" alt=\"5 parks in The Hills District families will love\" title=\"5 parks in The Hills District families will love\" \/><\/a>\t\t\t\t<\/div>\n\n\t\t\t\n\t\t\t<div class=\"flat-imagebox-header\">\n\t\t\t\t<h3 class=\"flat-imagebox-title\">\n\t\t\t\t\t<a href=\"\" target=\"_self\">\n\t\t\t\t\t\tSa\u011fl\u0131kl\u0131 Nesiller\t\t\t\t\t<\/a>\t\n\t\t\t\t<\/h3>\n\n\t\t\t\t\t\t\t<\/div>\n\n\t\t\t<div class=\"flat-imagebox-content\">\n\t\t\t\t\t\t\t\t\t<div class=\"flat-imagebox-desc\">\n\t\t\t\t\t\t\u0130nsan, hayvan ve \u00e7evrenin sa\u011fl\u0131\u011f\u0131 \u00fczerinde olumlu katk\u0131 sa\u011flayarak gelecek nesillere daha ya\u015fanabilir bir d\u00fcnya b\u0131rakmak ad\u0131na organik \u00fcretim yapmaktay\u0131z.\t\t\t\t\t<\/div>\n\t\t\t\t\t\t\t\t\n\t\t\t\t\t\t\t<\/div>\n\t\t<\/div>\n\t<\/div>\t\n[\/vc_column][vc_column width=&#8221;1\/3&#8243;]\t\n\t<div class=\"flat-imagebox style-3 \">\n\t\t<div class=\"flat-imagebox-inner\">\n\t\t\t\t\t\t\t<div class=\"flat-imagebox-image\">\n\t\t\t\t\t<a href=\"\" target=\"_self\"><img loading=\"lazy\" decoding=\"async\" class=\"\" src=\"https:\/\/safirhayvansal.com\/wp-content\/uploads\/2020\/09\/organik_yumurta-370x245.jpg\" width=\"370\" height=\"245\" alt=\"organik_yumurta\" title=\"organik_yumurta\" \/><\/a>\t\t\t\t<\/div>\n\n\t\t\t\n\t\t\t<div class=\"flat-imagebox-header\">\n\t\t\t\t<h3 class=\"flat-imagebox-title\">\n\t\t\t\t\t<a href=\"\" target=\"_self\">\n\t\t\t\t\t\tYumurta Hakk\u0131nda\t\t\t\t\t<\/a>\t\n\t\t\t\t<\/h3>\n\n\t\t\t\t\t\t\t<\/div>\n\n\t\t\t<div class=\"flat-imagebox-content\">\n\t\t\t\t\t\t\t\t\t<div class=\"flat-imagebox-desc\">\n\t\t\t\t\t\tYumurta, i\u00e7inde bulunan kolin sayesinde beyin fonksiyonlar\u0131n\u0131n yerine getirilmesinde \u00f6nemli rol oynar. A, D, E ve B grubu vitaminleri bak\u0131m\u0131ndan zengindir.\t\t\t\t\t<\/div>\n\t\t\t\t\t\t\t\t\n\t\t\t\t\t\t\t<\/div>\n\t\t<\/div>\n\t<\/div>\t\n[\/vc_column][\/vc_row][vc_row][vc_column][\/vc_column][\/vc_row]<\/p>\n","protected":false},"excerpt":{"rendered":"<p>[vc_row full_width=&#8221;stretch_row_content_no_spaces&#8221; parallax_speed=&#8221;4&#8243; parallax_x=&#8221;4&#8243; parallax_y=&#8221;4&#8243;][vc_column][rev_slider_vc alias=&#8221;slide-home&#8221;][\/vc_column][\/vc_row][vc_row full_width=&#8221;stretch_row&#8221; parallax_speed=&#8221;4&#8243; parallax_x=&#8221;4&#8243; parallax_y=&#8221;4&#8243; css=&#8221;.vc_custom_1556953902432{padding-top: 100px !important;padding-bottom: 76px !important;background-color: #f7f7f7 !important;}&#8221; el_id=&#8221;services&#8221;][vc_column width=&#8221;1\/3&#8243;][\/vc_column][vc_column width=&#8221;1\/3&#8243;][\/vc_column][vc_column width=&#8221;1\/3&#8243;][\/vc_column][\/vc_row][vc_row full_width=&#8221;stretch_row&#8221; parallax_speed=&#8221;4&#8243; parallax_x=&#8221;4&#8243; parallax_y=&#8221;4&#8243; css=&#8221;.vc_custom_1600366610911{padding-top: 100px !important;padding-bottom: 100px !important;}&#8221;][vc_column width=&#8221;1\/3&#8243;][\/vc_column][vc_column width=&#8221;1\/3&#8243;][\/vc_column][vc_column width=&#8221;1\/3&#8243;][\/vc_column][\/vc_row][vc_row][vc_column][\/vc_column][\/vc_row]<\/p>\n","protected":false},"author":1,"featured_media":0,"parent":0,"menu_order":0,"comment_status":"closed","ping_status":"closed","template":"tpl\/front-page.php","meta":{"footnotes":""},"class_list":["post-5","page","type-page","status-publish","hentry"],"_links":{"self":[{"href":"https:\/\/safirhayvansal.com\/index.php\/wp-json\/wp\/v2\/pages\/5","targetHints":{"allow":["GET"]}}],"collection":[{"href":"https:\/\/safirhayvansal.com\/index.php\/wp-json\/wp\/v2\/pages"}],"about":[{"href":"https:\/\/safirhayvansal.com\/index.php\/wp-json\/wp\/v2\/types\/page"}],"author":[{"embeddable":true,"href":"https:\/\/safirhayvansal.com\/index.php\/wp-json\/wp\/v2\/users\/1"}],"replies":[{"embeddable":true,"href":"https:\/\/safirhayvansal.com\/index.php\/wp-json\/wp\/v2\/comments?post=5"}],"version-history":[{"count":35,"href":"https:\/\/safirhayvansal.com\/index.php\/wp-json\/wp\/v2\/pages\/5\/revisions"}],"predecessor-version":[{"id":1749,"href":"https:\/\/safirhayvansal.com\/index.php\/wp-json\/wp\/v2\/pages\/5\/revisions\/1749"}],"wp:attachment":[{"href":"https:\/\/safirhayvansal.com\/index.php\/wp-json\/wp\/v2\/media?parent=5"}],"curies":[{"name":"wp","href":"https:\/\/api.w.org\/{rel}","templated":true}]}}